 in base 4?
-130023130332
460267 (base 8) to base 12
7621b
What is 4204124 (base 5) in base 3?
10112001021
Convert 423342 (base 8) to base 7.
1125104
Convert 2be15 (base 15) to base 10.
141545
1923795 (base 10) to base 6
105122243
Convert 703350 (base 13) to base 15.
367329
Convert -131243222 (base 5) to base 2.
-10011110101001010100
101111131113 (base 4) to base 16
455757
Convert 33420246 (base 7) to base 14.
555426
2250240 (base 8) to base 10
610464
What is -229174 (base 11) in base 3?
-200110201101
What is 7a0d91 (base 15) in base 9?
11857271
What is -202566 (base 7) in base 15?
-a3b3
What is -41785 (base 12) in base 6?
-1501045
5ca5ea (base 15) to base 9
8315724
What is 10101001001011101010000 (base 2) in base 16?
549750
What is -123614 (base 10) in base 2?
-11110001011011110
What is -166656 (base 7) in base 8?
-101506
What is -795052 (base 10) in base 5?
-200420202
What is -2022311131 (base 4) in base 2?
-10001010110101011101
-320063 (base 7) to base 10
-55268
What is 14454314 (base 6) in base 8?
1732446
-1477535 (base 10) to base 15
-1e2bc5
Convert 134025420 (base 6) to base 14.
5077c8
336655 (base 13) to base 15
18e9bd
What is -1001010100110100011 (base 2) in base 8?
-1124643
Convert 98c90 (base 14) to base 3.
200210210011
What is -2216440 (base 7) in base 3?
-111220022011
Convert 7257516 (base 8) to base 10.
1924942
12c028 (base 14) to base 9
1186327
What is 118119 (base 10) in base 6?
2310503
23710 (base 15) to base 13
3c558
Convert 100011100010110001 (base 2) to base 7.
1144306
What is -11204313 (base 5) in base 13?
-36a22
Convert -13047b (base 12) to base 3.
-120211120212
Convert ab130a (base 14) to base 13.
1282b19
What is -343410001 (base 5) in base 14?
-2c2b68
Convert -3016630 (base 7) to base 6.
-11400041
10122000222122 (base 3) to base 13
52740b
Convert 3454411 (base 7) to base 14.
b4108
Convert 20a9d (base 14) to base 10.
78931
220001222021210 (base 3) to base 9
26058253
51243225 (base 6) to base 16
1665a1
Convert 320236 (base 8) to base 13.
39712
Convert 1278bca (base 13) to base 15.
795383
-273411 (base 12) to base 9
-1187624
c757 (base 13) to base 6
331511
51101531 (base 6) to base 5
333021102
3d446 (base 14) to base 7
1201316
Convert -21034551 (base 6) to base 13.
-18543a
-48aa (base 12) to base 10
-8194
Convert -13301111000 (base 4) to base 8.
-7612500
What is 102406641 (base 7) in base 16?
5c9dcc
-1507374 (base 8) to base 4
-1220323330
-64628 (base 9) to base 11
-2a174
Convert -2100002022 (base 3) to base 15.
-d95e
Convert -12533532 (base 7) to base 11.
-717056
What is 2311233212 (base 4) in base 8?
2655746
What is -216ce1 (base 15) in base 6?
-54044504
6b75 (base 15) to base 4
11210303
Convert -1cb1a3 (base 14) to base 2.
-11111011010011011011
Convert -119a54 (base 16) to base 5.
-243403440
What is 431663 (base 9) in base 10?
257151
-a512d (base 14) to base 3
-202020010002
What is -53332001 (base 6) in base 3?
-2221121221001
What is 2013545 (base 6) in base 5?
11023330
Convert -a523 (base 11) to base 13.
-6464
Convert 10163045 (base 7) to base 12.
353322
What is -226d96 (base 16) in base 9?
-4218025
What is a3b35 (base 13) in base 2?
1000111110011011000
Convert 6535007 (base 8) to base 5.
422022214
What is 15e557 (base 15) in base 2?
100000011000001011101
1121011211 (base 3) to base 7
160525
-3818a24 (base 11) to base 8
-31224360
7050400 (base 10) to base 8
32712240
Convert -120b38 (base 13) to base 7.
-3441403
110011001010100011010 (base 2) to base 4
12121110122
4d149b (base 15) to base 6
211145502
-306960 (base 10) to base 2
-1001010111100010000
What is 11020211121102 (base 3) in base 7?
25132631
Convert 43234321 (base 5) to base 8.
1316726
-91151 (base 16) to base 6
-20423105
Convert 189191 (base 12) to base 5.
102234100
Convert -1101001011111111 (base 2) to base 5.
-3212030
101011011010110100100 (base 2) to base 7
15043656
Convert 51846 (base 11) to base 2.
10010011100100010
315404 (base 7) to base 8
152721
Convert -20002220 (base 4) to base 2.
-1000000010101000
Convert -14207a (base 11) to base 4.
-312102130
What is 118956 (base 12) in base 8?
1054122
Convert -1dc3d9 (base 16) to base 14.
-38ac65
1ab4a53 (base 13) to base 7
135226616
2212101100111 (base 3) to base 15
201477
111222210021 (base 3) to base 4
1003033033
Convert -4ab19 (base 13) to base 4.
-201231233
Convert 313246 (base 7) to base 5.
3211413
93433a (base 16) to base 9
20138615
What is 222221121132 (base 4) in base 9?
23028483
Convert -2230541 (base 7) to base 6.
-5531325
-111100101011111100 (base 2) to base 16
-3cafc
Convert 2b77081 (base 12) to base 11.
5006563
-417875 (base 11) to base 3
-1020222222122
What is -13366062 (base 7) in base 2?
-100101111100100011011
What is -216410 (base 10) in base 11?
-138657
What is -11133330 (base 6) in base 5?
-41322110
Convert 100001101101101110110100 (base 2) to base 14.
1260c28
Convert -25042012 (base 6) to base 10.
-798776
Convert 10120001200 (base 3) to base 7.
411111
Convert 11c818 (base 13) to base 7.
3430423
What is 10121120121210 (base 3) in base 4?
13110321333
Convert 183343 (base 10) to base 8.
546057
-1002112201202 (base 3) to base 2
-10001101111110101010
-3004204 (base 5) to base 4
-23211011
Convert -100000111000100001000 (base 2) to base 11.
-676607
Convert 1111101110010110011101 (base 2) to base 11.
2365a25
2422410 (base 5) to base 6
545551
What is -95a62c (base 13) in base 12?
-1211948
-1623020 (base 8) to base 14
-c2a40
What is 35bb34a (base 12) in base 5?
10133342311
Convert 10210002011220 (base 3) to base 11.
1152647
5310134 (base 7) to base 9
1176428
What is 114732 (base 8) in base 4?
21213122
Convert 3255022 (base 6) to base 10.
163094
What is 2097499 (base 10) in base 9?
3846204
-115aab (base 12) to base 16
-444e3
Convert -208a1c (base 13) to base 2.
-10111010000000010101
What is 312211 (base 5) in base 8?
24102
-2173164 (base 8) to base 3
-1002211201211
What is 354221040 (base 6) in base 16?
655f50
What is 346034 (base 7) in base 16?
f29c
Convert 109aaa (base 13) to base 5.
100033041
What is 13822738 (base 9) in base 14?
ca9ab8
-2222101210 (base 4) to base 15
-db9b4
130213211 (base 4) to base 15
24aeb
-5106035 (base 7) to base 11
-385172
-7dd895 (base 15) to base 16
-5bd9ed
107000 (base 9) to base 7
355014
834c (base 14) to base 11
15a93
Convert -d870ed (base 15) to base 5.
-10114110343
Convert -2077607 (base 9) to base 8.
-4200445
Convert 4482b (base 12) to base 10.
91043
What is -1617846 (base 11) in base 9?
-5170815
What is -3110233 (base 4) in base 12?
-7a67
-120012 (base 5) to base 16
-111e
Convert -12315813 (base 9) to base 8.
-27010710
Convert 2383569 (base 10) to base 2.
1001000101111011010001
What is -111100110011100000 (base 2) in base 11?
-160135
Convert -63c1f1 (base 16) to base 12.
-2233495
Convert -3432311 (base 5) to base 6.
-1153033
Convert -1021434040 (base 5) to base 2.
-1000001010011011110111
cd15 (base 14) to base 7
205325
What is 53240151 (base 6) in base 12?
633057
1465320 (base 10) to base 8
5455750
c4d1 (base 16) to base 13
19c1a
What is 2112010001 (base 3) in base 16?
c1f6
-9566a4 (base 12) to base 3
-11102121210121
What is -785d45 (base 14) in base 5?
-2021312200
Convert -14c942 (base 13) to base 15.
-a221b
Convert 587458 (base 10) to base 3.
1002211211201
15455524 (base 6) to base 14
1052a0
3131210301 (base 4) to base 2
11011101100100110001
Convert -136644052 (base 7) to base 6.
-522012511
-43120243 (base 6) to base 3
-2101112100200
What is 236037 (base 10) in base 3?
102222210010
1245364 (base 7) to base 12
7a247
22a87a (base 13) to base 2
11001000111101011011
What is -bdbd9e (base 15) in base 16?
-8a1d39
129962 (base 11) to base 13
717c6
-1839963 (base 10) to base 15
-265293
Convert -69854 (base 15) to base 10.
-336004
What is -1101101110111000111 (base 2) in base 8?
-1556707
-20033425 (base 6) to base 4
-2021311121
Convert -47136 (base 8) to base 6.
-232514
-10301122 (base 4) to base 15
-5bd1
Convert 4abaa9 (base 12) to base 15.
1926b0
Convert 101220111200 (base 3) to base 16.
346a7
1c096 (base 16) to base 15
2405d
Convert -c2084 (base 16) to base 6.
-25011232
Convert -1dd18 (base 16) to base 4.
-131310120
425000 (base 8) to base 6
3012332
-5207263 (base 9) to base 14
-5254c1
2210002110 (base 3) to base 7
315411
14760730 (base 8) to base 9
6352116
What is 111